{"id":470,"date":"2023-05-19T13:57:25","date_gmt":"2023-05-19T18:57:25","guid":{"rendered":"https:\/\/spiritprotect.org\/wordpress\/?page_id=470"},"modified":"2023-05-19T14:08:57","modified_gmt":"2023-05-19T19:08:57","slug":"die-grundung-der-lodge-keepers-society","status":"publish","type":"page","link":"https:\/\/spiritprotect.org\/wordpress\/die-grundung-der-lodge-keepers-society\/","title":{"rendered":"Die Gr\u00fcndung der Lodge Keepers Society"},"content":{"rendered":"\n<p><em>Warum dies wichtig ist: Die Protokolle wurden von wei\u00dfen M\u00e4nnern im New Warrior Network geschrieben und basierten nie auf einer Lakota-Zeremonie, obwohl die Struktur derjenigen \u00e4hnelt, die in Schwitzh\u00fctten und finnischen Saunen verwendet wird. Ausserdem hat praktisch jede urspr\u00fcngliche Kultur auf der Welt kreisf\u00f6rmige Strukturen wie diese verwendet. Was H\u00e4uptling Lone Hill uns gegeben hat, war keine Erlaubnis, sondern ein OK, dass dies sich SEHR unterscheidet von dem, was in den Lakota-Inipis geschieht, dies allein sollte klar stellen, dass es sich hier nicht um kulturelle Aneignung handeln kann. ED.<\/em><\/p>\n\n\n\n<p>Ich nahm am New Warrior Training im Juli 1992 bei der Er\u00f6ffnungsveranstaltung im Raum Washington DC teil.<\/p>\n\n\n\n<p>Auf Einladung, oder vielleicht auch auf mein Dr\u00e4ngen hin, leitete ich die Sonntagmorgen-Zeremonie nach den Standardprotokollen von All Nations und \u00fcberschritt dabei die daf\u00fcr vorgesehene Zeit, da ich als Teilnehmer nicht wissen konnte, dass die Zeremonie in einen eng gehaltenen Veranstaltungsplan hinein passen sollte.<\/p>\n\n\n\n<p>Im darauffolgenden Jahr sprach ich mit den Trainingsleitern und Gr\u00fcndern, die zu weiteren solchen Veranstaltunmgen in die Stadt kamen.<\/p>\n\n\n\n<p>Es wurde die Erlaubnis erteilt, dass sich im Sp\u00e4tsommer 1994 ein Rat von M\u00e4nnern, die an der Zeremonie interessiert waren, treffen konnte. Es kamen mehr als 90 M\u00e4nner um daran Teil zu nehmen. Dieser Rat empfahl, dass Vertreter der verschiedenen Ausbildungszentren im folgenden Fr\u00fchjahr zusammenkommen sollten, um ein Protokoll zu entwickeln, wie die Zeremonie am besten durchgef\u00fchrt werden sollte. Dieser Protokollrat trat zusammen und verfasste ein Dokument, das bis heute weitgehend unver\u00e4ndert geblieben ist. Der Protokollrat erm\u00e4chtigte danach eine Delegation von M\u00e4nnern, zum Haus von H\u00e4uptling Lone Hill in Pine Ridge zu reisen und ihm das Dokument zur Pr\u00fcfung vorzulegen.<\/p>\n\n\n\n<p>Im Sommer 1995 befand dieser, dass es f\u00fcr MKP\/NWN in Ordnung war, dieses Protokoll zu verwenden. Folglich wurde dies, wie es hier Sitte war, in einer Zeremonie unter Verwendung der letzten Pfeife von Fools Crow, im Beisein von Zeugen sowohl aus der Familie als auch von weiteren New Warriors bekr\u00e4ftigt.<\/p>\n\n\n\n<p>Im Februar 1996 genehmigte der Rat des Neuen Krieger-Netzwerks das Protokoll, beschloss die Gr\u00fcndung der Lodge Keeper Society (LKS) mit einem stimmberechtigten Sitz in deren Rat und \u00fcbertrug der LKS die Pflege des Protokolls.<\/p>\n\n\n\n<p>Wir sind im Besitz einer eidesstattlichen Erkl\u00e4rung, die von der Familie des H\u00e4uptlings im September 2021 unterzeichnet wurde, welche die urspr\u00fcngliche Genehmigung best\u00e4tigt und ihre fortlaufende Unterst\u00fctzung f\u00fcr die Verwendung der Reinigungs- und Erneuerungszeremonie im Rahmen des New Warrior Trainings best\u00e4tigt. Es gibt ein Video von der Unterzeichnungs-Zeremonie.<\/p>\n\n\n\n<p>Als abschlie\u00dfende Bemerkung in diesem Abschnitt m\u00f6chte ich darauf hinweisen, dass in der Genehmigung die ausdr\u00fcckliche Zustimmung zur Verwendung der vier Lieder enthalten war. Zwei davon sind traditionelle Vokalges\u00e4nge, die in angemessener Weise verwendet werden. Einer der vokalen Songs war uns von einem wei\u00dfen Mannes gegeben worden. Das letzte Lied enth\u00e4lt Worte in Lakota. Dieses wurde uns von einem anderen wei\u00dfen Mann anvertraut, mit der Anweisung, es den New Warriors zu geben, um ihre Dankbarkeit f\u00fcr das Geschenk ihrer Beziehung zur Lakota-Familie des H\u00e4uptlings auszudr\u00fccken.<\/p>\n\n\n\n<p><em>Im Moment werden andere Lieder von Neuen Kriegern f\u00fcr den Alternativ-Prozess gesucht, den wir gegenw\u00e4rtig durchf\u00fchren, um dem Begehren derer entgegen zu kommen, die sich beschwert hatten. Dennoch liegt uns viel daran, fest zu halten, dass dies nichts an der Wahrheit \u00e4ndert, dass wir die alten Lieder in einer angemessenen Weise im Einklang mit der kulturellen Wertsch\u00e4tzung erhalten haben. ED.<\/em><\/p>\n\n\n\n<div class=\"wp-block-buttons is-content-justification-center is-layout-flex wp-container-core-buttons-is-layout-16018d1d wp-block-buttons-is-layout-flex\">\n<div class=\"wp-block-button\"><a class=\"wp-block-button__link wp-element-button\" href=\"https:\/\/spiritprotect.org\/wordpress\/autoritat-der-traditionellen-hauptlinge\/\">n\u00e4chste<\/a><\/div>\n<\/div>\n","protected":false},"excerpt":{"rendered":"<p>Warum dies wichtig ist: Die Protokolle wurden von wei\u00dfen M\u00e4nnern im New Warrior Network geschrieben und basierten nie auf einer Lakota-Zeremonie, obwohl die Struktur derjenigen \u00e4hnelt, die in Schwitzh\u00fctten und finnischen Saunen verwendet wird. Ausserdem hat praktisch jede urspr\u00fcngliche Kultur auf der Welt kreisf\u00f6rmige Strukturen wie diese verwendet. Was H\u00e4uptling Lone Hill uns gegeben hat, &hellip; <a href=\"https:\/\/spiritprotect.org\/wordpress\/die-grundung-der-lodge-keepers-society\/\" class=\"more-link\">Continue reading <span class=\"screen-reader-text\">Die Gr\u00fcndung der Lodge Keepers Society<\/span><\/a><\/p>\n","protected":false},"author":4,"featured_media":230,"parent":0,"menu_order":0,"comment_status":"closed","ping_status":"closed","template":"","meta":{"footnotes":""},"class_list":["post-470","page","type-page","status-publish","has-post-thumbnail","hentry"],"yoast_head":"<!-- This site is optimized with the Yoast SEO plugin v27.4 - https:\/\/yoast.com\/product\/yoast-seo-wordpress\/ -->\n<title>Die Gr\u00fcndung der Lodge Keepers Society - A Man Speaks Out\u2026.<\/title>\n<meta name=\"robots\" content=\"index, follow, max-snippet:-1, max-image-preview:large, max-video-preview:-1\" \/>\n<link rel=\"canonical\" href=\"https:\/\/spiritprotect.org\/wordpress\/die-grundung-der-lodge-keepers-society\/\" \/>\n<meta property=\"og:locale\" content=\"en_US\" \/>\n<meta property=\"og:type\" content=\"article\" \/>\n<meta property=\"og:title\" content=\"Die Gr\u00fcndung der Lodge Keepers Society - A Man Speaks Out\u2026.\" \/>\n<meta property=\"og:description\" content=\"Warum dies wichtig ist: Die Protokolle wurden von wei\u00dfen M\u00e4nnern im New Warrior Network geschrieben und basierten nie auf einer Lakota-Zeremonie, obwohl die Struktur derjenigen \u00e4hnelt, die in Schwitzh\u00fctten und finnischen Saunen verwendet wird. Ausserdem hat praktisch jede urspr\u00fcngliche Kultur auf der Welt kreisf\u00f6rmige Strukturen wie diese verwendet. Was H\u00e4uptling Lone Hill uns gegeben hat, &hellip; Continue reading Die Gr\u00fcndung der Lodge Keepers Society\" \/>\n<meta property=\"og:url\" content=\"https:\/\/spiritprotect.org\/wordpress\/die-grundung-der-lodge-keepers-society\/\" \/>\n<meta property=\"og:site_name\" content=\"A Man Speaks Out\u2026.\" \/>\n<meta property=\"article:modified_time\" content=\"2023-05-19T19:08:57+00:00\" \/>\n<meta property=\"og:image\" content=\"https:\/\/spiritprotect.org\/wordpress\/wp-content\/uploads\/2023\/04\/GEDC0927-scaled.jpg\" \/>\n\t<meta property=\"og:image:width\" content=\"2560\" \/>\n\t<meta property=\"og:image:height\" content=\"1920\" \/>\n\t<meta property=\"og:image:type\" content=\"image\/jpeg\" \/>\n<meta name=\"twitter:card\" content=\"summary_large_image\" \/>\n<meta name=\"twitter:label1\" content=\"Est. reading time\" \/>\n\t<meta name=\"twitter:data1\" content=\"3 minutes\" \/>\n<script type=\"application\/ld+json\" class=\"yoast-schema-graph\">{\"@context\":\"https:\\\/\\\/schema.org\",\"@graph\":[{\"@type\":\"WebPage\",\"@id\":\"https:\\\/\\\/spiritprotect.org\\\/wordpress\\\/die-grundung-der-lodge-keepers-society\\\/\",\"url\":\"https:\\\/\\\/spiritprotect.org\\\/wordpress\\\/die-grundung-der-lodge-keepers-society\\\/\",\"name\":\"Die Gr\u00fcndung der Lodge Keepers Society - A Man Speaks Out\u2026.\",\"isPartOf\":{\"@id\":\"https:\\\/\\\/spiritprotect.org\\\/wordpress\\\/#website\"},\"primaryImageOfPage\":{\"@id\":\"https:\\\/\\\/spiritprotect.org\\\/wordpress\\\/die-grundung-der-lodge-keepers-society\\\/#primaryimage\"},\"image\":{\"@id\":\"https:\\\/\\\/spiritprotect.org\\\/wordpress\\\/die-grundung-der-lodge-keepers-society\\\/#primaryimage\"},\"thumbnailUrl\":\"https:\\\/\\\/spiritprotect.org\\\/wordpress\\\/wp-content\\\/uploads\\\/2023\\\/04\\\/GEDC0927-scaled.jpg\",\"datePublished\":\"2023-05-19T18:57:25+00:00\",\"dateModified\":\"2023-05-19T19:08:57+00:00\",\"breadcrumb\":{\"@id\":\"https:\\\/\\\/spiritprotect.org\\\/wordpress\\\/die-grundung-der-lodge-keepers-society\\\/#breadcrumb\"},\"inLanguage\":\"en-US\",\"potentialAction\":[{\"@type\":\"ReadAction\",\"target\":[\"https:\\\/\\\/spiritprotect.org\\\/wordpress\\\/die-grundung-der-lodge-keepers-society\\\/\"]}]},{\"@type\":\"ImageObject\",\"inLanguage\":\"en-US\",\"@id\":\"https:\\\/\\\/spiritprotect.org\\\/wordpress\\\/die-grundung-der-lodge-keepers-society\\\/#primaryimage\",\"url\":\"https:\\\/\\\/spiritprotect.org\\\/wordpress\\\/wp-content\\\/uploads\\\/2023\\\/04\\\/GEDC0927-scaled.jpg\",\"contentUrl\":\"https:\\\/\\\/spiritprotect.org\\\/wordpress\\\/wp-content\\\/uploads\\\/2023\\\/04\\\/GEDC0927-scaled.jpg\",\"width\":2560,\"height\":1920,\"caption\":\"GEDSC DIGITAL CAMERA\"},{\"@type\":\"BreadcrumbList\",\"@id\":\"https:\\\/\\\/spiritprotect.org\\\/wordpress\\\/die-grundung-der-lodge-keepers-society\\\/#breadcrumb\",\"itemListElement\":[{\"@type\":\"ListItem\",\"position\":1,\"name\":\"Home\",\"item\":\"https:\\\/\\\/spiritprotect.org\\\/wordpress\\\/\"},{\"@type\":\"ListItem\",\"position\":2,\"name\":\"Die Gr\u00fcndung der Lodge Keepers Society\"}]},{\"@type\":\"WebSite\",\"@id\":\"https:\\\/\\\/spiritprotect.org\\\/wordpress\\\/#website\",\"url\":\"https:\\\/\\\/spiritprotect.org\\\/wordpress\\\/\",\"name\":\"A Man Speaks Out\u2026.\",\"description\":\"The Truth be Told\",\"publisher\":{\"@id\":\"https:\\\/\\\/spiritprotect.org\\\/wordpress\\\/#organization\"},\"potentialAction\":[{\"@type\":\"SearchAction\",\"target\":{\"@type\":\"EntryPoint\",\"urlTemplate\":\"https:\\\/\\\/spiritprotect.org\\\/wordpress\\\/?s={search_term_string}\"},\"query-input\":{\"@type\":\"PropertyValueSpecification\",\"valueRequired\":true,\"valueName\":\"search_term_string\"}}],\"inLanguage\":\"en-US\"},{\"@type\":\"Organization\",\"@id\":\"https:\\\/\\\/spiritprotect.org\\\/wordpress\\\/#organization\",\"name\":\"A Man Speaks Out\u2026.\",\"url\":\"https:\\\/\\\/spiritprotect.org\\\/wordpress\\\/\",\"logo\":{\"@type\":\"ImageObject\",\"inLanguage\":\"en-US\",\"@id\":\"https:\\\/\\\/spiritprotect.org\\\/wordpress\\\/#\\\/schema\\\/logo\\\/image\\\/\",\"url\":\"https:\\\/\\\/spiritprotect.org\\\/wordpress\\\/wp-content\\\/uploads\\\/2023\\\/03\\\/20140706_121413-scaled.jpg\",\"contentUrl\":\"https:\\\/\\\/spiritprotect.org\\\/wordpress\\\/wp-content\\\/uploads\\\/2023\\\/03\\\/20140706_121413-scaled.jpg\",\"width\":2560,\"height\":1440,\"caption\":\"A Man Speaks Out\u2026.\"},\"image\":{\"@id\":\"https:\\\/\\\/spiritprotect.org\\\/wordpress\\\/#\\\/schema\\\/logo\\\/image\\\/\"}}]}<\/script>\n<!-- \/ Yoast SEO plugin. -->","yoast_head_json":{"title":"Die Gr\u00fcndung der Lodge Keepers Society - A Man Speaks Out\u2026.","robots":{"index":"index","follow":"follow","max-snippet":"max-snippet:-1","max-image-preview":"max-image-preview:large","max-video-preview":"max-video-preview:-1"},"canonical":"https:\/\/spiritprotect.org\/wordpress\/die-grundung-der-lodge-keepers-society\/","og_locale":"en_US","og_type":"article","og_title":"Die Gr\u00fcndung der Lodge Keepers Society - A Man Speaks Out\u2026.","og_description":"Warum dies wichtig ist: Die Protokolle wurden von wei\u00dfen M\u00e4nnern im New Warrior Network geschrieben und basierten nie auf einer Lakota-Zeremonie, obwohl die Struktur derjenigen \u00e4hnelt, die in Schwitzh\u00fctten und finnischen Saunen verwendet wird. Ausserdem hat praktisch jede urspr\u00fcngliche Kultur auf der Welt kreisf\u00f6rmige Strukturen wie diese verwendet. Was H\u00e4uptling Lone Hill uns gegeben hat, &hellip; Continue reading Die Gr\u00fcndung der Lodge Keepers Society","og_url":"https:\/\/spiritprotect.org\/wordpress\/die-grundung-der-lodge-keepers-society\/","og_site_name":"A Man Speaks Out\u2026.","article_modified_time":"2023-05-19T19:08:57+00:00","og_image":[{"width":2560,"height":1920,"url":"https:\/\/spiritprotect.org\/wordpress\/wp-content\/uploads\/2023\/04\/GEDC0927-scaled.jpg","type":"image\/jpeg"}],"twitter_card":"summary_large_image","twitter_misc":{"Est. reading time":"3 minutes"},"schema":{"@context":"https:\/\/schema.org","@graph":[{"@type":"WebPage","@id":"https:\/\/spiritprotect.org\/wordpress\/die-grundung-der-lodge-keepers-society\/","url":"https:\/\/spiritprotect.org\/wordpress\/die-grundung-der-lodge-keepers-society\/","name":"Die Gr\u00fcndung der Lodge Keepers Society - A Man Speaks Out\u2026.","isPartOf":{"@id":"https:\/\/spiritprotect.org\/wordpress\/#website"},"primaryImageOfPage":{"@id":"https:\/\/spiritprotect.org\/wordpress\/die-grundung-der-lodge-keepers-society\/#primaryimage"},"image":{"@id":"https:\/\/spiritprotect.org\/wordpress\/die-grundung-der-lodge-keepers-society\/#primaryimage"},"thumbnailUrl":"https:\/\/spiritprotect.org\/wordpress\/wp-content\/uploads\/2023\/04\/GEDC0927-scaled.jpg","datePublished":"2023-05-19T18:57:25+00:00","dateModified":"2023-05-19T19:08:57+00:00","breadcrumb":{"@id":"https:\/\/spiritprotect.org\/wordpress\/die-grundung-der-lodge-keepers-society\/#breadcrumb"},"inLanguage":"en-US","potentialAction":[{"@type":"ReadAction","target":["https:\/\/spiritprotect.org\/wordpress\/die-grundung-der-lodge-keepers-society\/"]}]},{"@type":"ImageObject","inLanguage":"en-US","@id":"https:\/\/spiritprotect.org\/wordpress\/die-grundung-der-lodge-keepers-society\/#primaryimage","url":"https:\/\/spiritprotect.org\/wordpress\/wp-content\/uploads\/2023\/04\/GEDC0927-scaled.jpg","contentUrl":"https:\/\/spiritprotect.org\/wordpress\/wp-content\/uploads\/2023\/04\/GEDC0927-scaled.jpg","width":2560,"height":1920,"caption":"GEDSC DIGITAL CAMERA"},{"@type":"BreadcrumbList","@id":"https:\/\/spiritprotect.org\/wordpress\/die-grundung-der-lodge-keepers-society\/#breadcrumb","itemListElement":[{"@type":"ListItem","position":1,"name":"Home","item":"https:\/\/spiritprotect.org\/wordpress\/"},{"@type":"ListItem","position":2,"name":"Die Gr\u00fcndung der Lodge Keepers Society"}]},{"@type":"WebSite","@id":"https:\/\/spiritprotect.org\/wordpress\/#website","url":"https:\/\/spiritprotect.org\/wordpress\/","name":"A Man Speaks Out\u2026.","description":"The Truth be Told","publisher":{"@id":"https:\/\/spiritprotect.org\/wordpress\/#organization"},"potentialAction":[{"@type":"SearchAction","target":{"@type":"EntryPoint","urlTemplate":"https:\/\/spiritprotect.org\/wordpress\/?s={search_term_string}"},"query-input":{"@type":"PropertyValueSpecification","valueRequired":true,"valueName":"search_term_string"}}],"inLanguage":"en-US"},{"@type":"Organization","@id":"https:\/\/spiritprotect.org\/wordpress\/#organization","name":"A Man Speaks Out\u2026.","url":"https:\/\/spiritprotect.org\/wordpress\/","logo":{"@type":"ImageObject","inLanguage":"en-US","@id":"https:\/\/spiritprotect.org\/wordpress\/#\/schema\/logo\/image\/","url":"https:\/\/spiritprotect.org\/wordpress\/wp-content\/uploads\/2023\/03\/20140706_121413-scaled.jpg","contentUrl":"https:\/\/spiritprotect.org\/wordpress\/wp-content\/uploads\/2023\/03\/20140706_121413-scaled.jpg","width":2560,"height":1440,"caption":"A Man Speaks Out\u2026."},"image":{"@id":"https:\/\/spiritprotect.org\/wordpress\/#\/schema\/logo\/image\/"}}]}},"_links":{"self":[{"href":"https:\/\/spiritprotect.org\/wordpress\/wp-json\/wp\/v2\/pages\/470","targetHints":{"allow":["GET"]}}],"collection":[{"href":"https:\/\/spiritprotect.org\/wordpress\/wp-json\/wp\/v2\/pages"}],"about":[{"href":"https:\/\/spiritprotect.org\/wordpress\/wp-json\/wp\/v2\/types\/page"}],"author":[{"embeddable":true,"href":"https:\/\/spiritprotect.org\/wordpress\/wp-json\/wp\/v2\/users\/4"}],"replies":[{"embeddable":true,"href":"https:\/\/spiritprotect.org\/wordpress\/wp-json\/wp\/v2\/comments?post=470"}],"version-history":[{"count":3,"href":"https:\/\/spiritprotect.org\/wordpress\/wp-json\/wp\/v2\/pages\/470\/revisions"}],"predecessor-version":[{"id":522,"href":"https:\/\/spiritprotect.org\/wordpress\/wp-json\/wp\/v2\/pages\/470\/revisions\/522"}],"wp:featuredmedia":[{"embeddable":true,"href":"https:\/\/spiritprotect.org\/wordpress\/wp-json\/wp\/v2\/media\/230"}],"wp:attachment":[{"href":"https:\/\/spiritprotect.org\/wordpress\/wp-json\/wp\/v2\/media?parent=470"}],"curies":[{"name":"wp","href":"https:\/\/api.w.org\/{rel}","templated":true}]}}