{"id":487,"date":"2023-05-19T14:03:00","date_gmt":"2023-05-19T19:03:00","guid":{"rendered":"https:\/\/spiritprotect.org\/wordpress\/?page_id=487"},"modified":"2023-05-19T14:33:09","modified_gmt":"2023-05-19T19:33:09","slug":"undrip-un-erklarung-der-rechte-indigener-volker","status":"publish","type":"page","link":"https:\/\/spiritprotect.org\/wordpress\/undrip-un-erklarung-der-rechte-indigener-volker\/","title":{"rendered":"UNDRIP: UN-Erkl\u00e4rung der Rechte indigener V\u00f6lker"},"content":{"rendered":"\n<p><em>Warum dies wichtig ist: Es zeigt, dass das, was die LKS tut, rechtlich durch das First Amendment ED gesch\u00fctzt ist.<\/em><\/p>\n\n\n\n<p>MKP wurde f\u00e4lschlicherweise beschuldigt, die UN-Erkl\u00e4rung der Rechte indigener V\u00f6lker zu verletzen.<\/p>\n\n\n\n<p>Erstens ist nicht die UNDRIP das in den Vereinigten Staaten g\u00fcltige Gesetz, sondern der American Indian Religious Freedom Act von 1978 ist das hier g\u00fcltige Gesetz.<\/p>\n\n\n\n<p>Es lautet wie folgt:<\/p>\n\n\n\n<p>&nbsp;&nbsp;&nbsp;&nbsp;&nbsp;&nbsp;&nbsp;&nbsp;&nbsp; &#8220;Daher beschlie\u00dfen der Senat und das Repr\u00e4sentantenhaus der Vereinigten Staaten von Amerika im versammelten Kongress, dass es fortan die Politik der Vereinigten Staaten sein soll, f\u00fcr die Indianer Amerikas das ihnen innewohnende Recht zu sch\u00fctzen und zu bewahren, an die traditionellen Religionen der Indianer, Eskimos, Aleuten und Ureinwohner Hawaiis zu glauben, sie auszudr\u00fccken und auszu\u00fcben, einschlie\u00dflich, aber nicht beschr\u00e4nkt auf den Zugang zu St\u00e4tten, die Nutzung und den Besitz heiliger Gegenst\u00e4nde und die Freiheit, durch Zeremonien und traditionelle Riten&nbsp; zu feiern.&#8221;<\/p>\n\n\n\n<p>Dieses Gesetz st\u00fctzt sich auf den ersten Zusatzartikel der US-Verfassung.<\/p>\n\n\n\n<p>Ich m\u00f6chte mich hier klar ausdr\u00fccken. Die Erteilung des OK f\u00fcr LKS, das zu tun, was es tut, f\u00e4llt unter die Religionsfreiheitsklausel des Ersten Verfassungszusatzes, entsprechend dem was diejenigen glauben, die sie erteilt haben.<\/p>\n\n\n\n<p>LKS f\u00fchrt eine weltliche Zeremonie durch, keine religi\u00f6se Zeremonie. Was die LKS und der P&amp;RC tun, ist durch die Redefreiheitsklausel des ersten Verfassungszusatzes sowie durch die Versammlungsfreiheit gesch\u00fctzt.<\/p>\n\n\n\n<p>Dar\u00fcber hinaus ist die Erteilung des OK in der Tat mit Artikel 11 der UNDRIP kongruent. Der H\u00e4uptling war ein traditionell ernannter Vertreter seines Volkes und daher befugt, \u00fcber die Nutzung des &#8220;geistigen Eigentums&#8221; seines Volkes zu verhandeln.<\/p>\n\n\n\n<p>Und ich wei\u00df auch mit Sicherheit, dass H\u00e4uptling Lone Hill die grunds\u00e4tzliche Behauptung der UNDRIP, dass die Praktiken und \u00dcberzeugungen des Volkes &#8220;geistiges Eigentum&#8221; sind, in Frage gestellt hat. Wie H\u00e4uptling Fools Crow mehr als einmal erkl\u00e4rte: &#8220;Niemand besitzt Wakan Tanka, den Gro\u00dfen Geist. Oder eine Religion!&#8221;<\/p>\n\n\n\n<p>Schlie\u00dflich enth\u00e4lt eine Mitteilung von S.p.i.r.i.t an das MKP einen Brief von jemandem, der in einem UN-Ausschuss sitzt und behauptet, Looking Horse sei der Sprecher des Lakota-Volkes.<\/p>\n\n\n\n<p>Auf die Fragen in der Korrespondenz mit der UNO wurde geantwortet: &#8220;Hiermit m\u00f6chten wir Sie dar\u00fcber informieren, dass die Mitglieder des St\u00e4ndigen Forums f\u00fcr indigene Fragen als Experten in ihrer individuellen Eigenschaft ernannt werden, nicht bei den Vereinten Nationen angestellt sind und ihre eigene Meinung als Einzelpersonen frei \u00e4u\u00dfern k\u00f6nnen.&#8221;<\/p>\n\n\n\n<p>Es existiert in dieser Kultur keine solche Rolle des &#8220;Sprechers&#8221; der Nation. Niemand spricht f\u00fcr das gesamte Volk der Lakota, noch spricht jemand f\u00fcr die &#8220;Sioux Nation&#8221;. Diese Behauptungen sind derart \u00fcberzogen, \u00fcbertrieben und irref\u00fchrend, dass sie mir als Unwahrheiten erscheinen.<\/p>\n\n\n\n<p>Und ich habe den Eindruck, dass diese Leute, die uns angreifen, f\u00fcr niemanden au\u00dfer sich selbst sprechen. Sie haben uns bisher noch keine Legitimation gezeigt, keine Berechtigung, f\u00fcr das Volk zu sprechen.<\/p>\n\n\n\n<p>Wir unsererseits haben unseren guten Beziehungen in Pine Ridge und die vom Chief erteilte Bewilligung intakt. Und dennoch sah er sich nicht berechtigt, f\u00fcr das ganze Volk als Vertreter zu sprechen. Die Leute bei S.p.i.r.i.t k\u00f6nnen f\u00fcr sich selbst sprechen, wenn sie uns etwas zu sagen haben. Wenn sich jemand mit Autorit\u00e4t melden w\u00fcrde, w\u00fcrden wir uns gerne mit ihm \u00fcber unsere Arbeit unterhalten.<\/p>\n\n\n\n<p>Au\u00dferdem haben diejenigen, die uns angreifen, bisher noch keinen g\u00fcltigen Beweis daf\u00fcr erbracht, dass sie befugt sind, f\u00fcr irgend jemanden zu sprechen.<\/p>\n\n\n\n<div class=\"wp-block-buttons is-content-justification-center is-layout-flex wp-container-core-buttons-is-layout-16018d1d wp-block-buttons-is-layout-flex\">\n<div class=\"wp-block-button\"><a class=\"wp-block-button__link wp-element-button\" href=\"https:\/\/spiritprotect.org\/wordpress\/ad-hominem-angriffe\/\">n\u00e4chste<\/a><\/div>\n<\/div>\n","protected":false},"excerpt":{"rendered":"<p>Warum dies wichtig ist: Es zeigt, dass das, was die LKS tut, rechtlich durch das First Amendment ED gesch\u00fctzt ist. MKP wurde f\u00e4lschlicherweise beschuldigt, die UN-Erkl\u00e4rung der Rechte indigener V\u00f6lker zu verletzen. Erstens ist nicht die UNDRIP das in den Vereinigten Staaten g\u00fcltige Gesetz, sondern der American Indian Religious Freedom Act von 1978 ist das &hellip; <a href=\"https:\/\/spiritprotect.org\/wordpress\/undrip-un-erklarung-der-rechte-indigener-volker\/\" class=\"more-link\">Continue reading <span class=\"screen-reader-text\">UNDRIP: UN-Erkl\u00e4rung der Rechte indigener V\u00f6lker<\/span><\/a><\/p>\n","protected":false},"author":4,"featured_media":227,"parent":0,"menu_order":0,"comment_status":"closed","ping_status":"closed","template":"","meta":{"footnotes":""},"class_list":["post-487","page","type-page","status-publish","has-post-thumbnail","hentry"],"yoast_head":"<!-- This site is optimized with the Yoast SEO plugin v27.5 - https:\/\/yoast.com\/product\/yoast-seo-wordpress\/ -->\n<title>UNDRIP: UN-Erkl\u00e4rung der Rechte indigener V\u00f6lker - A Man Speaks Out\u2026.<\/title>\n<meta name=\"robots\" content=\"index, follow, max-snippet:-1, max-image-preview:large, max-video-preview:-1\" \/>\n<link rel=\"canonical\" href=\"https:\/\/spiritprotect.org\/wordpress\/undrip-un-erklarung-der-rechte-indigener-volker\/\" \/>\n<meta property=\"og:locale\" content=\"en_US\" \/>\n<meta property=\"og:type\" content=\"article\" \/>\n<meta property=\"og:title\" content=\"UNDRIP: UN-Erkl\u00e4rung der Rechte indigener V\u00f6lker - A Man Speaks Out\u2026.\" \/>\n<meta property=\"og:description\" content=\"Warum dies wichtig ist: Es zeigt, dass das, was die LKS tut, rechtlich durch das First Amendment ED gesch\u00fctzt ist. MKP wurde f\u00e4lschlicherweise beschuldigt, die UN-Erkl\u00e4rung der Rechte indigener V\u00f6lker zu verletzen. Erstens ist nicht die UNDRIP das in den Vereinigten Staaten g\u00fcltige Gesetz, sondern der American Indian Religious Freedom Act von 1978 ist das &hellip; Continue reading UNDRIP: UN-Erkl\u00e4rung der Rechte indigener V\u00f6lker\" \/>\n<meta property=\"og:url\" content=\"https:\/\/spiritprotect.org\/wordpress\/undrip-un-erklarung-der-rechte-indigener-volker\/\" \/>\n<meta property=\"og:site_name\" content=\"A Man Speaks Out\u2026.\" \/>\n<meta property=\"article:modified_time\" content=\"2023-05-19T19:33:09+00:00\" \/>\n<meta property=\"og:image\" content=\"https:\/\/spiritprotect.org\/wordpress\/wp-content\/uploads\/2023\/04\/20140705_061954-scaled.jpg\" \/>\n\t<meta property=\"og:image:width\" content=\"2560\" \/>\n\t<meta property=\"og:image:height\" content=\"1440\" \/>\n\t<meta property=\"og:image:type\" content=\"image\/jpeg\" \/>\n<meta name=\"twitter:card\" content=\"summary_large_image\" \/>\n<meta name=\"twitter:label1\" content=\"Est. reading time\" \/>\n\t<meta name=\"twitter:data1\" content=\"3 minutes\" \/>\n<script type=\"application\/ld+json\" class=\"yoast-schema-graph\">{\"@context\":\"https:\\\/\\\/schema.org\",\"@graph\":[{\"@type\":\"WebPage\",\"@id\":\"https:\\\/\\\/spiritprotect.org\\\/wordpress\\\/undrip-un-erklarung-der-rechte-indigener-volker\\\/\",\"url\":\"https:\\\/\\\/spiritprotect.org\\\/wordpress\\\/undrip-un-erklarung-der-rechte-indigener-volker\\\/\",\"name\":\"UNDRIP: UN-Erkl\u00e4rung der Rechte indigener V\u00f6lker - A Man Speaks Out\u2026.\",\"isPartOf\":{\"@id\":\"https:\\\/\\\/spiritprotect.org\\\/wordpress\\\/#website\"},\"primaryImageOfPage\":{\"@id\":\"https:\\\/\\\/spiritprotect.org\\\/wordpress\\\/undrip-un-erklarung-der-rechte-indigener-volker\\\/#primaryimage\"},\"image\":{\"@id\":\"https:\\\/\\\/spiritprotect.org\\\/wordpress\\\/undrip-un-erklarung-der-rechte-indigener-volker\\\/#primaryimage\"},\"thumbnailUrl\":\"https:\\\/\\\/spiritprotect.org\\\/wordpress\\\/wp-content\\\/uploads\\\/2023\\\/04\\\/20140705_061954-scaled.jpg\",\"datePublished\":\"2023-05-19T19:03:00+00:00\",\"dateModified\":\"2023-05-19T19:33:09+00:00\",\"breadcrumb\":{\"@id\":\"https:\\\/\\\/spiritprotect.org\\\/wordpress\\\/undrip-un-erklarung-der-rechte-indigener-volker\\\/#breadcrumb\"},\"inLanguage\":\"en-US\",\"potentialAction\":[{\"@type\":\"ReadAction\",\"target\":[\"https:\\\/\\\/spiritprotect.org\\\/wordpress\\\/undrip-un-erklarung-der-rechte-indigener-volker\\\/\"]}]},{\"@type\":\"ImageObject\",\"inLanguage\":\"en-US\",\"@id\":\"https:\\\/\\\/spiritprotect.org\\\/wordpress\\\/undrip-un-erklarung-der-rechte-indigener-volker\\\/#primaryimage\",\"url\":\"https:\\\/\\\/spiritprotect.org\\\/wordpress\\\/wp-content\\\/uploads\\\/2023\\\/04\\\/20140705_061954-scaled.jpg\",\"contentUrl\":\"https:\\\/\\\/spiritprotect.org\\\/wordpress\\\/wp-content\\\/uploads\\\/2023\\\/04\\\/20140705_061954-scaled.jpg\",\"width\":2560,\"height\":1440},{\"@type\":\"BreadcrumbList\",\"@id\":\"https:\\\/\\\/spiritprotect.org\\\/wordpress\\\/undrip-un-erklarung-der-rechte-indigener-volker\\\/#breadcrumb\",\"itemListElement\":[{\"@type\":\"ListItem\",\"position\":1,\"name\":\"Home\",\"item\":\"https:\\\/\\\/spiritprotect.org\\\/wordpress\\\/\"},{\"@type\":\"ListItem\",\"position\":2,\"name\":\"UNDRIP: UN-Erkl\u00e4rung der Rechte indigener V\u00f6lker\"}]},{\"@type\":\"WebSite\",\"@id\":\"https:\\\/\\\/spiritprotect.org\\\/wordpress\\\/#website\",\"url\":\"https:\\\/\\\/spiritprotect.org\\\/wordpress\\\/\",\"name\":\"A Man Speaks Out\u2026.\",\"description\":\"The Truth be Told\",\"publisher\":{\"@id\":\"https:\\\/\\\/spiritprotect.org\\\/wordpress\\\/#organization\"},\"potentialAction\":[{\"@type\":\"SearchAction\",\"target\":{\"@type\":\"EntryPoint\",\"urlTemplate\":\"https:\\\/\\\/spiritprotect.org\\\/wordpress\\\/?s={search_term_string}\"},\"query-input\":{\"@type\":\"PropertyValueSpecification\",\"valueRequired\":true,\"valueName\":\"search_term_string\"}}],\"inLanguage\":\"en-US\"},{\"@type\":\"Organization\",\"@id\":\"https:\\\/\\\/spiritprotect.org\\\/wordpress\\\/#organization\",\"name\":\"A Man Speaks Out\u2026.\",\"url\":\"https:\\\/\\\/spiritprotect.org\\\/wordpress\\\/\",\"logo\":{\"@type\":\"ImageObject\",\"inLanguage\":\"en-US\",\"@id\":\"https:\\\/\\\/spiritprotect.org\\\/wordpress\\\/#\\\/schema\\\/logo\\\/image\\\/\",\"url\":\"https:\\\/\\\/spiritprotect.org\\\/wordpress\\\/wp-content\\\/uploads\\\/2023\\\/03\\\/20140706_121413-scaled.jpg\",\"contentUrl\":\"https:\\\/\\\/spiritprotect.org\\\/wordpress\\\/wp-content\\\/uploads\\\/2023\\\/03\\\/20140706_121413-scaled.jpg\",\"width\":2560,\"height\":1440,\"caption\":\"A Man Speaks Out\u2026.\"},\"image\":{\"@id\":\"https:\\\/\\\/spiritprotect.org\\\/wordpress\\\/#\\\/schema\\\/logo\\\/image\\\/\"}}]}<\/script>\n<!-- \/ Yoast SEO plugin. -->","yoast_head_json":{"title":"UNDRIP: UN-Erkl\u00e4rung der Rechte indigener V\u00f6lker - A Man Speaks Out\u2026.","robots":{"index":"index","follow":"follow","max-snippet":"max-snippet:-1","max-image-preview":"max-image-preview:large","max-video-preview":"max-video-preview:-1"},"canonical":"https:\/\/spiritprotect.org\/wordpress\/undrip-un-erklarung-der-rechte-indigener-volker\/","og_locale":"en_US","og_type":"article","og_title":"UNDRIP: UN-Erkl\u00e4rung der Rechte indigener V\u00f6lker - A Man Speaks Out\u2026.","og_description":"Warum dies wichtig ist: Es zeigt, dass das, was die LKS tut, rechtlich durch das First Amendment ED gesch\u00fctzt ist. MKP wurde f\u00e4lschlicherweise beschuldigt, die UN-Erkl\u00e4rung der Rechte indigener V\u00f6lker zu verletzen. Erstens ist nicht die UNDRIP das in den Vereinigten Staaten g\u00fcltige Gesetz, sondern der American Indian Religious Freedom Act von 1978 ist das &hellip; Continue reading UNDRIP: UN-Erkl\u00e4rung der Rechte indigener V\u00f6lker","og_url":"https:\/\/spiritprotect.org\/wordpress\/undrip-un-erklarung-der-rechte-indigener-volker\/","og_site_name":"A Man Speaks Out\u2026.","article_modified_time":"2023-05-19T19:33:09+00:00","og_image":[{"width":2560,"height":1440,"url":"https:\/\/spiritprotect.org\/wordpress\/wp-content\/uploads\/2023\/04\/20140705_061954-scaled.jpg","type":"image\/jpeg"}],"twitter_card":"summary_large_image","twitter_misc":{"Est. reading time":"3 minutes"},"schema":{"@context":"https:\/\/schema.org","@graph":[{"@type":"WebPage","@id":"https:\/\/spiritprotect.org\/wordpress\/undrip-un-erklarung-der-rechte-indigener-volker\/","url":"https:\/\/spiritprotect.org\/wordpress\/undrip-un-erklarung-der-rechte-indigener-volker\/","name":"UNDRIP: UN-Erkl\u00e4rung der Rechte indigener V\u00f6lker - A Man Speaks Out\u2026.","isPartOf":{"@id":"https:\/\/spiritprotect.org\/wordpress\/#website"},"primaryImageOfPage":{"@id":"https:\/\/spiritprotect.org\/wordpress\/undrip-un-erklarung-der-rechte-indigener-volker\/#primaryimage"},"image":{"@id":"https:\/\/spiritprotect.org\/wordpress\/undrip-un-erklarung-der-rechte-indigener-volker\/#primaryimage"},"thumbnailUrl":"https:\/\/spiritprotect.org\/wordpress\/wp-content\/uploads\/2023\/04\/20140705_061954-scaled.jpg","datePublished":"2023-05-19T19:03:00+00:00","dateModified":"2023-05-19T19:33:09+00:00","breadcrumb":{"@id":"https:\/\/spiritprotect.org\/wordpress\/undrip-un-erklarung-der-rechte-indigener-volker\/#breadcrumb"},"inLanguage":"en-US","potentialAction":[{"@type":"ReadAction","target":["https:\/\/spiritprotect.org\/wordpress\/undrip-un-erklarung-der-rechte-indigener-volker\/"]}]},{"@type":"ImageObject","inLanguage":"en-US","@id":"https:\/\/spiritprotect.org\/wordpress\/undrip-un-erklarung-der-rechte-indigener-volker\/#primaryimage","url":"https:\/\/spiritprotect.org\/wordpress\/wp-content\/uploads\/2023\/04\/20140705_061954-scaled.jpg","contentUrl":"https:\/\/spiritprotect.org\/wordpress\/wp-content\/uploads\/2023\/04\/20140705_061954-scaled.jpg","width":2560,"height":1440},{"@type":"BreadcrumbList","@id":"https:\/\/spiritprotect.org\/wordpress\/undrip-un-erklarung-der-rechte-indigener-volker\/#breadcrumb","itemListElement":[{"@type":"ListItem","position":1,"name":"Home","item":"https:\/\/spiritprotect.org\/wordpress\/"},{"@type":"ListItem","position":2,"name":"UNDRIP: UN-Erkl\u00e4rung der Rechte indigener V\u00f6lker"}]},{"@type":"WebSite","@id":"https:\/\/spiritprotect.org\/wordpress\/#website","url":"https:\/\/spiritprotect.org\/wordpress\/","name":"A Man Speaks Out\u2026.","description":"The Truth be Told","publisher":{"@id":"https:\/\/spiritprotect.org\/wordpress\/#organization"},"potentialAction":[{"@type":"SearchAction","target":{"@type":"EntryPoint","urlTemplate":"https:\/\/spiritprotect.org\/wordpress\/?s={search_term_string}"},"query-input":{"@type":"PropertyValueSpecification","valueRequired":true,"valueName":"search_term_string"}}],"inLanguage":"en-US"},{"@type":"Organization","@id":"https:\/\/spiritprotect.org\/wordpress\/#organization","name":"A Man Speaks Out\u2026.","url":"https:\/\/spiritprotect.org\/wordpress\/","logo":{"@type":"ImageObject","inLanguage":"en-US","@id":"https:\/\/spiritprotect.org\/wordpress\/#\/schema\/logo\/image\/","url":"https:\/\/spiritprotect.org\/wordpress\/wp-content\/uploads\/2023\/03\/20140706_121413-scaled.jpg","contentUrl":"https:\/\/spiritprotect.org\/wordpress\/wp-content\/uploads\/2023\/03\/20140706_121413-scaled.jpg","width":2560,"height":1440,"caption":"A Man Speaks Out\u2026."},"image":{"@id":"https:\/\/spiritprotect.org\/wordpress\/#\/schema\/logo\/image\/"}}]}},"_links":{"self":[{"href":"https:\/\/spiritprotect.org\/wordpress\/wp-json\/wp\/v2\/pages\/487","targetHints":{"allow":["GET"]}}],"collection":[{"href":"https:\/\/spiritprotect.org\/wordpress\/wp-json\/wp\/v2\/pages"}],"about":[{"href":"https:\/\/spiritprotect.org\/wordpress\/wp-json\/wp\/v2\/types\/page"}],"author":[{"embeddable":true,"href":"https:\/\/spiritprotect.org\/wordpress\/wp-json\/wp\/v2\/users\/4"}],"replies":[{"embeddable":true,"href":"https:\/\/spiritprotect.org\/wordpress\/wp-json\/wp\/v2\/comments?post=487"}],"version-history":[{"count":2,"href":"https:\/\/spiritprotect.org\/wordpress\/wp-json\/wp\/v2\/pages\/487\/revisions"}],"predecessor-version":[{"id":541,"href":"https:\/\/spiritprotect.org\/wordpress\/wp-json\/wp\/v2\/pages\/487\/revisions\/541"}],"wp:featuredmedia":[{"embeddable":true,"href":"https:\/\/spiritprotect.org\/wordpress\/wp-json\/wp\/v2\/media\/227"}],"wp:attachment":[{"href":"https:\/\/spiritprotect.org\/wordpress\/wp-json\/wp\/v2\/media?parent=487"}],"curies":[{"name":"wp","href":"https:\/\/api.w.org\/{rel}","templated":true}]}}